{"id":16062,"date":"2024-03-10T20:33:07","date_gmt":"2024-03-10T20:33:07","guid":{"rendered":"https:\/\/stag.lawhiskeria.cr\/?post_type=product&#038;p=16062"},"modified":"2026-02-26T02:42:35","modified_gmt":"2026-02-26T02:42:35","slug":"armagnac-saint-vivant-vsop","status":"publish","type":"product","link":"https:\/\/lawhiskeria.cr\/?product=armagnac-saint-vivant-vsop","title":{"rendered":"Armagnac Saint Vivant VSOP"},"content":{"rendered":"","protected":false},"excerpt":{"rendered":"<p style=\"font-weight: 400;\">Producido en Condom en el Suroeste de Francia,\u00a0<b><strong>protegido por una certificaci\u00f3n &#8216;AOC&#8217; desde 1936<\/strong><\/b>, conocido por el cuello inclinado de la botella. SAINT-VIVANT Armagnacs.<\/p>\n<p style=\"font-weight: 400;\">Se producen seg\u00fan las especificaciones de certificaci\u00f3n de Armagnac establecidas en 1936, que se centran en el saber hacer \u00fanico y antiguo de la regi\u00f3n.<\/p>\n<p style=\"font-weight: 400;\">Se producen a partir de variedades de uva cuidadosamente seleccionadas (Ugni Blanc, Folle Blanche, Baco) cultivadas en las mejores regiones de Bas Armagnac, que tiene un car\u00e1cter elegante y asertivo, y T\u00e9nar\u00e8ze, que produce aromas intensos y con cuerpo.<\/p>\n<p style=\"font-weight: 400;\">Su larga crianza en barricas de roble negro local le permite desarrollar fragancias de vainilla, ciruela, violeta y especias, adem\u00e1s de un hermoso color \u00e1mbar con notas de caoba.<\/p>\n<p style=\"font-weight: 400;\">Notas de Cata: Aromas ardientes y con cuerpo. Su larga crianza en barricas de roble negro local le permite desarrollar fragancias de vainilla, ciruela, violeta y especias, adem\u00e1s de un hermoso color \u00e1mbar con notas de caoba.<\/p>\n<p style=\"font-weight: 400;\">ABV 40% &#8211; 700 ml.<\/p>\n","protected":false},"featured_media":16063,"comment_status":"open","ping_status":"closed","template":"","meta":[],"product_brand":[],"product_cat":[20],"product_tag":[136,126],"class_list":{"0":"post-16062","1":"product","2":"type-product","3":"status-publish","4":"has-post-thumbnail","6":"product_cat-lpremium","7":"product_tag-armagnac","8":"product_tag-francia","10":"first","11":"instock","12":"shipping-taxable","13":"purchasable","14":"product-type-simple"},"_links":{"self":[{"href":"https:\/\/lawhiskeria.cr\/index.php?rest_route=\/wp\/v2\/product\/16062","targetHints":{"allow":["GET"]}}],"collection":[{"href":"https:\/\/lawhiskeria.cr\/index.php?rest_route=\/wp\/v2\/product"}],"about":[{"href":"https:\/\/lawhiskeria.cr\/index.php?rest_route=\/wp\/v2\/types\/product"}],"replies":[{"embeddable":true,"href":"https:\/\/lawhiskeria.cr\/index.php?rest_route=%2Fwp%2Fv2%2Fcomments&post=16062"}],"version-history":[{"count":1,"href":"https:\/\/lawhiskeria.cr\/index.php?rest_route=\/wp\/v2\/product\/16062\/revisions"}],"predecessor-version":[{"id":16064,"href":"https:\/\/lawhiskeria.cr\/index.php?rest_route=\/wp\/v2\/product\/16062\/revisions\/16064"}],"wp:featuredmedia":[{"embeddable":true,"href":"https:\/\/lawhiskeria.cr\/index.php?rest_route=\/wp\/v2\/media\/16063"}],"wp:attachment":[{"href":"https:\/\/lawhiskeria.cr\/index.php?rest_route=%2Fwp%2Fv2%2Fmedia&parent=16062"}],"wp:term":[{"taxonomy":"product_brand","embeddable":true,"href":"https:\/\/lawhiskeria.cr\/index.php?rest_route=%2Fwp%2Fv2%2Fproduct_brand&post=16062"},{"taxonomy":"product_cat","embeddable":true,"href":"https:\/\/lawhiskeria.cr\/index.php?rest_route=%2Fwp%2Fv2%2Fproduct_cat&post=16062"},{"taxonomy":"product_tag","embeddable":true,"href":"https:\/\/lawhiskeria.cr\/index.php?rest_route=%2Fwp%2Fv2%2Fproduct_tag&post=16062"}],"curies":[{"name":"wp","href":"https:\/\/api.w.org\/{rel}","templated":true}]}}