{"id":16042,"date":"2024-03-10T19:03:59","date_gmt":"2024-03-10T19:03:59","guid":{"rendered":"https:\/\/stag.lawhiskeria.cr\/?post_type=product&#038;p=16042"},"modified":"2024-10-28T23:36:03","modified_gmt":"2024-10-28T23:36:03","slug":"agua-fiji","status":"publish","type":"product","link":"https:\/\/lawhiskeria.cr\/?product=agua-fiji","title":{"rendered":"Agua Fiji"},"content":{"rendered":"","protected":false},"excerpt":{"rendered":"<p style=\"font-weight: 400;\"><b><strong>La Mejor Agua de La Tierra\u2026 M\u00e1s que agua.<\/strong><\/b><\/p>\n<p style=\"font-weight: 400;\">Al compartir agua del antiguo acu\u00edfero artesiano sostenible de Fiji con el mundo y trabajar para mejorar las vidas y el medio ambiente de su gente, FIJI Water ha encarnado lo que significa ser Earth&#8217;s Finest Water\u00ae desde 1996.<\/p>\n<p style=\"font-weight: 400;\">En lo profundo de la selva tropical de Fiji, a 1600 millas del continente m\u00e1s cercano, la lluvia se filtra lentamente a trav\u00e9s de antiguas rocas volc\u00e1nicas en su viaje para convertirse en la mejor agua de la Tierra.<\/p>\n<p style=\"font-weight: 400;\">FIJI Water lo ayuda a mantenerse hidratado con m\u00e1s del doble de electrolitos en comparaci\u00f3n con las otras dos marcas de agua embotellada de primera calidad para un sabor suave y terso.<\/p>\n<p style=\"font-weight: 400;\">El agua FIJI proviene de un antiguo acu\u00edfero artesiano sustentable en las profundidades de la tierra, protegido y preservado naturalmente de elementos externos.<\/p>\n<p style=\"font-weight: 400;\">La antigua roca volc\u00e1nica agrega naturalmente minerales y electrolitos para darle al agua FIJI un pH de 7,7 perfectamente equilibrado y un sabor suave y terso.<\/p>\n<p style=\"font-weight: 400;\">Es muy recomendada para acompa\u00f1ar vinos espumantes, blancos y rosados; y por su puesto para disfrutarlo catando los mejores whiskies del mundo.<\/p>\n<p style=\"font-weight: 400;\">Presentaci\u00f3n de 1 litro en botella de pl\u00e1stico.<\/p>\n","protected":false},"featured_media":16043,"comment_status":"open","ping_status":"closed","template":"","meta":[],"product_brand":[],"product_cat":[28],"product_tag":[128,129],"class_list":{"0":"post-16042","1":"product","2":"type-product","3":"status-publish","4":"has-post-thumbnail","6":"product_cat-accesorios","7":"product_tag-agua-purificada","8":"product_tag-fiji","10":"first","11":"instock","12":"shipping-taxable","13":"purchasable","14":"product-type-simple"},"_links":{"self":[{"href":"https:\/\/lawhiskeria.cr\/index.php?rest_route=\/wp\/v2\/product\/16042","targetHints":{"allow":["GET"]}}],"collection":[{"href":"https:\/\/lawhiskeria.cr\/index.php?rest_route=\/wp\/v2\/product"}],"about":[{"href":"https:\/\/lawhiskeria.cr\/index.php?rest_route=\/wp\/v2\/types\/product"}],"replies":[{"embeddable":true,"href":"https:\/\/lawhiskeria.cr\/index.php?rest_route=%2Fwp%2Fv2%2Fcomments&post=16042"}],"version-history":[{"count":1,"href":"https:\/\/lawhiskeria.cr\/index.php?rest_route=\/wp\/v2\/product\/16042\/revisions"}],"predecessor-version":[{"id":16044,"href":"https:\/\/lawhiskeria.cr\/index.php?rest_route=\/wp\/v2\/product\/16042\/revisions\/16044"}],"wp:featuredmedia":[{"embeddable":true,"href":"https:\/\/lawhiskeria.cr\/index.php?rest_route=\/wp\/v2\/media\/16043"}],"wp:attachment":[{"href":"https:\/\/lawhiskeria.cr\/index.php?rest_route=%2Fwp%2Fv2%2Fmedia&parent=16042"}],"wp:term":[{"taxonomy":"product_brand","embeddable":true,"href":"https:\/\/lawhiskeria.cr\/index.php?rest_route=%2Fwp%2Fv2%2Fproduct_brand&post=16042"},{"taxonomy":"product_cat","embeddable":true,"href":"https:\/\/lawhiskeria.cr\/index.php?rest_route=%2Fwp%2Fv2%2Fproduct_cat&post=16042"},{"taxonomy":"product_tag","embeddable":true,"href":"https:\/\/lawhiskeria.cr\/index.php?rest_route=%2Fwp%2Fv2%2Fproduct_tag&post=16042"}],"curies":[{"name":"wp","href":"https:\/\/api.w.org\/{rel}","templated":true}]}}