{"id":16036,"date":"2024-03-10T18:25:09","date_gmt":"2024-03-10T18:25:09","guid":{"rendered":"https:\/\/stag.lawhiskeria.cr\/?post_type=product&#038;p=16036"},"modified":"2024-10-30T20:09:26","modified_gmt":"2024-10-30T20:09:26","slug":"conac-remy-martin-vsop","status":"publish","type":"product","link":"https:\/\/lawhiskeria.cr\/?product=conac-remy-martin-vsop","title":{"rendered":"Co\u00f1ac Remy Martin VSOP"},"content":{"rendered":"","protected":false},"excerpt":{"rendered":"<p style=\"font-weight: 400;\">R\u00e9my Martin\u00ae V.S.O.P es un co\u00f1ac equilibrado y de m\u00faltiples capas con notas de vainilla, fruta de hueso y regaliz. Es una mezcla de los vi\u00f1edos m\u00e1s codiciados en el coraz\u00f3n de la regi\u00f3n francesa de Cognac: Petite y Grande Champagne. R\u00e9my Martin es la \u00fanica gran casa de co\u00f1ac que se especializa exclusivamente en Cognac Fine Champagne. R\u00e9my Martin V.S.O.P tiene el doble de edad que un V.S. est\u00e1ndar, este color dorado y V.S.O.P vers\u00e1til encarna la armon\u00eda perfecta de aromas potentes y elegantes. Disfr\u00fatelo solo, con hielo, en una variedad de c\u00f3cteles o simplemente mezclado con ginger ale.<\/p>\n<p style=\"font-weight: 400;\"><b><strong>Aromas:\u00a0<\/strong><\/b>Notas dominantes de vainilla, resultado de la crianza en barricas de roble franc\u00e9s, revelan notas de albaricoque, manzana y notas florales.<\/p>\n<p style=\"font-weight: 400;\"><b><strong>Sabor:\u00a0<\/strong><\/b>Perfecta armon\u00eda de fruta de hueso y sutiles notas de regaliz.<\/p>\n<p style=\"font-weight: 400;\"><b><strong>Cuerpo:<\/strong><\/b>\u00a0Car\u00e1cter equilibrado y de m\u00faltiples capas con textura sedosa<\/p>\n<p style=\"font-weight: 400;\"><b><strong>ABV 40% &#8211; 750 ml.<\/strong><\/b><\/p>\n","protected":false},"featured_media":16037,"comment_status":"open","ping_status":"closed","template":"","meta":[],"product_brand":[],"product_cat":[75],"product_tag":[127,125,126],"class_list":{"0":"post-16036","1":"product","2":"type-product","3":"status-publish","4":"has-post-thumbnail","6":"product_cat-brandy-conac","7":"product_tag-champagne","8":"product_tag-conac","9":"product_tag-francia","11":"first","12":"instock","13":"shipping-taxable","14":"purchasable","15":"product-type-simple"},"_links":{"self":[{"href":"https:\/\/lawhiskeria.cr\/index.php?rest_route=\/wp\/v2\/product\/16036","targetHints":{"allow":["GET"]}}],"collection":[{"href":"https:\/\/lawhiskeria.cr\/index.php?rest_route=\/wp\/v2\/product"}],"about":[{"href":"https:\/\/lawhiskeria.cr\/index.php?rest_route=\/wp\/v2\/types\/product"}],"replies":[{"embeddable":true,"href":"https:\/\/lawhiskeria.cr\/index.php?rest_route=%2Fwp%2Fv2%2Fcomments&post=16036"}],"version-history":[{"count":1,"href":"https:\/\/lawhiskeria.cr\/index.php?rest_route=\/wp\/v2\/product\/16036\/revisions"}],"predecessor-version":[{"id":16038,"href":"https:\/\/lawhiskeria.cr\/index.php?rest_route=\/wp\/v2\/product\/16036\/revisions\/16038"}],"wp:featuredmedia":[{"embeddable":true,"href":"https:\/\/lawhiskeria.cr\/index.php?rest_route=\/wp\/v2\/media\/16037"}],"wp:attachment":[{"href":"https:\/\/lawhiskeria.cr\/index.php?rest_route=%2Fwp%2Fv2%2Fmedia&parent=16036"}],"wp:term":[{"taxonomy":"product_brand","embeddable":true,"href":"https:\/\/lawhiskeria.cr\/index.php?rest_route=%2Fwp%2Fv2%2Fproduct_brand&post=16036"},{"taxonomy":"product_cat","embeddable":true,"href":"https:\/\/lawhiskeria.cr\/index.php?rest_route=%2Fwp%2Fv2%2Fproduct_cat&post=16036"},{"taxonomy":"product_tag","embeddable":true,"href":"https:\/\/lawhiskeria.cr\/index.php?rest_route=%2Fwp%2Fv2%2Fproduct_tag&post=16036"}],"curies":[{"name":"wp","href":"https:\/\/api.w.org\/{rel}","templated":true}]}}