{"id":16027,"date":"2024-03-10T18:11:31","date_gmt":"2024-03-10T18:11:31","guid":{"rendered":"https:\/\/stag.lawhiskeria.cr\/?post_type=product&#038;p=16027"},"modified":"2024-11-03T23:08:05","modified_gmt":"2024-11-03T23:08:05","slug":"brandy-torres-10-anos-reserva-imperial","status":"publish","type":"product","link":"https:\/\/lawhiskeria.cr\/?product=brandy-torres-10-anos-reserva-imperial","title":{"rendered":"Brandy Torres 10 a\u00f1os Reserva Imperial"},"content":{"rendered":"","protected":false},"excerpt":{"rendered":"<p style=\"font-weight: 400;\"><b><strong>Expresi\u00f3n de Equilibrio y Personalidad.<\/strong><\/b><\/p>\n<p style=\"font-weight: 400;\">El equilibrio \u00fanico y su riqueza arom\u00e1tica han convertido a Torres 10 Reserva Imperial en el brandy espa\u00f1ol m\u00e1s reconocido del mundo.<\/p>\n<p style=\"font-weight: 400;\"><b><strong>Torres 10<\/strong><\/b>\u00a0es de color topacio oscuro, con matices dorados.<\/p>\n<p style=\"font-weight: 400;\">Aroma intenso con toques c\u00e1lidos de canela y vainilla, con matices de roble.<\/p>\n<p style=\"font-weight: 400;\">El final es complejo y persistente con notas arom\u00e1ticas de roble.<\/p>\n<p style=\"font-weight: 400;\">M\u00e9todo tradicional Solera.<\/p>\n<p style=\"font-weight: 400;\">Envejecido en barricas de roble americano.<\/p>\n<p style=\"font-weight: 400;\"><b><strong>ABV 40% &#8211; 750 ml.<\/strong><\/b><\/p>\n<p style=\"font-weight: 400;\">San Francisco World Spirits Competition: Doble medalla de oro \u2013 US\/ 2015 y 2022.<\/p>\n<p><iframe loading=\"lazy\" width=\"560\" height=\"315\" src=\"https:\/\/www.youtube.com\/embed\/9SlsZpkczIA?si=JaQhzMxxJhbZtfCb&amp;start=4617\" title=\"YouTube video player\" frameborder=\"0\" allow=\"accelerometer; autoplay; clipboard-write; encrypted-media; gyroscope; picture-in-picture; web-share\" referrerpolicy=\"strict-origin-when-cross-origin\" allowfullscreen><\/iframe><\/p>\n","protected":false},"featured_media":16028,"comment_status":"open","ping_status":"closed","template":"","meta":[],"product_brand":[],"product_cat":[75],"product_tag":[122,123],"class_list":{"0":"post-16027","1":"product","2":"type-product","3":"status-publish","4":"has-post-thumbnail","6":"product_cat-brandy-conac","7":"product_tag-brandy","8":"product_tag-brandy-espanol","10":"first","11":"instock","12":"shipping-taxable","13":"purchasable","14":"product-type-simple"},"_links":{"self":[{"href":"https:\/\/lawhiskeria.cr\/index.php?rest_route=\/wp\/v2\/product\/16027","targetHints":{"allow":["GET"]}}],"collection":[{"href":"https:\/\/lawhiskeria.cr\/index.php?rest_route=\/wp\/v2\/product"}],"about":[{"href":"https:\/\/lawhiskeria.cr\/index.php?rest_route=\/wp\/v2\/types\/product"}],"replies":[{"embeddable":true,"href":"https:\/\/lawhiskeria.cr\/index.php?rest_route=%2Fwp%2Fv2%2Fcomments&post=16027"}],"version-history":[{"count":2,"href":"https:\/\/lawhiskeria.cr\/index.php?rest_route=\/wp\/v2\/product\/16027\/revisions"}],"predecessor-version":[{"id":17851,"href":"https:\/\/lawhiskeria.cr\/index.php?rest_route=\/wp\/v2\/product\/16027\/revisions\/17851"}],"wp:featuredmedia":[{"embeddable":true,"href":"https:\/\/lawhiskeria.cr\/index.php?rest_route=\/wp\/v2\/media\/16028"}],"wp:attachment":[{"href":"https:\/\/lawhiskeria.cr\/index.php?rest_route=%2Fwp%2Fv2%2Fmedia&parent=16027"}],"wp:term":[{"taxonomy":"product_brand","embeddable":true,"href":"https:\/\/lawhiskeria.cr\/index.php?rest_route=%2Fwp%2Fv2%2Fproduct_brand&post=16027"},{"taxonomy":"product_cat","embeddable":true,"href":"https:\/\/lawhiskeria.cr\/index.php?rest_route=%2Fwp%2Fv2%2Fproduct_cat&post=16027"},{"taxonomy":"product_tag","embeddable":true,"href":"https:\/\/lawhiskeria.cr\/index.php?rest_route=%2Fwp%2Fv2%2Fproduct_tag&post=16027"}],"curies":[{"name":"wp","href":"https:\/\/api.w.org\/{rel}","templated":true}]}}