{"id":15996,"date":"2024-03-10T06:04:54","date_gmt":"2024-03-10T06:04:54","guid":{"rendered":"https:\/\/stag.lawhiskeria.cr\/?post_type=product&#038;p=15996"},"modified":"2024-10-30T00:14:59","modified_gmt":"2024-10-30T00:14:59","slug":"tomatin-12-anos","status":"publish","type":"product","link":"https:\/\/lawhiskeria.cr\/?product=tomatin-12-anos","title":{"rendered":"Tomatin 12 a\u00f1os"},"content":{"rendered":"","protected":false},"excerpt":{"rendered":"<p style=\"font-weight: 400;\"><strong>El Tomatin 12 a\u00f1os<\/strong> es suave y sedoso, ha sido madurado en barricas tradicionales de whisky escoc\u00e9s <strong>ex Bourbon y ex-Jer\u00e9z espa\u00f1ol. <\/strong><\/p>\n<p style=\"font-weight: 400;\">Los\u00a0<b><strong>aromas<\/strong><\/b> de flores de brezo silvestre, pino y cedro pronto se endulzan para revelar <b><strong>notas<\/strong><\/b> de crema y caramelo con manzanas maduras, peras y mango con un sutil toque de nuez, antes de un <b><strong>final<\/strong><\/b> con mucho cuerpo y aceitoso.<\/p>\n<p style=\"font-weight: 400;\">Este single malt de 12 a\u00f1os es un\u00a0<b><strong>distinguido<\/strong><\/b> whisky de barril de jerez con algo diferente y muy facil de beber.<\/p>\n<p style=\"font-weight: 400;\"><b><strong>ABV 43% &#8211; 700 ml.<\/strong><\/b><\/p>\n<p style=\"font-weight: 400;\"><b><strong>Maridaje: <\/strong><\/b>Cordero, pato, chocolates, con un buen caf\u00e9 o helado.<\/p>\n<p><strong>International Wine and Spirit Competition &#8220;95 puntos de 100&#8221; 2022.<\/strong><\/p>\n<p><strong>San Francisco World Spirits Competition &#8220;Doble Medalla de Oro&#8221; 2016.<\/strong><\/p>\n<p><strong>San Francisco World Spirits Competition &#8220;Medalla de Oro&#8221; 2015.<\/strong><\/p>\n<p><strong>World Whiskies Awards &#8220;Best Highland Single Malt 12 Years &amp; Under&#8221;. 2013.<\/strong><\/p>\n","protected":false},"featured_media":15997,"comment_status":"open","ping_status":"closed","template":"","meta":[],"product_brand":[],"product_cat":[72],"product_tag":[109,108,110],"class_list":{"0":"post-15996","1":"product","2":"type-product","3":"status-publish","4":"has-post-thumbnail","6":"product_cat-single-malt","7":"product_tag-escocia","8":"product_tag-single-malt","9":"product_tag-whisky-escoces","11":"first","12":"instock","13":"shipping-taxable","14":"purchasable","15":"product-type-simple"},"_links":{"self":[{"href":"https:\/\/lawhiskeria.cr\/index.php?rest_route=\/wp\/v2\/product\/15996","targetHints":{"allow":["GET"]}}],"collection":[{"href":"https:\/\/lawhiskeria.cr\/index.php?rest_route=\/wp\/v2\/product"}],"about":[{"href":"https:\/\/lawhiskeria.cr\/index.php?rest_route=\/wp\/v2\/types\/product"}],"replies":[{"embeddable":true,"href":"https:\/\/lawhiskeria.cr\/index.php?rest_route=%2Fwp%2Fv2%2Fcomments&post=15996"}],"version-history":[{"count":3,"href":"https:\/\/lawhiskeria.cr\/index.php?rest_route=\/wp\/v2\/product\/15996\/revisions"}],"predecessor-version":[{"id":17354,"href":"https:\/\/lawhiskeria.cr\/index.php?rest_route=\/wp\/v2\/product\/15996\/revisions\/17354"}],"wp:featuredmedia":[{"embeddable":true,"href":"https:\/\/lawhiskeria.cr\/index.php?rest_route=\/wp\/v2\/media\/15997"}],"wp:attachment":[{"href":"https:\/\/lawhiskeria.cr\/index.php?rest_route=%2Fwp%2Fv2%2Fmedia&parent=15996"}],"wp:term":[{"taxonomy":"product_brand","embeddable":true,"href":"https:\/\/lawhiskeria.cr\/index.php?rest_route=%2Fwp%2Fv2%2Fproduct_brand&post=15996"},{"taxonomy":"product_cat","embeddable":true,"href":"https:\/\/lawhiskeria.cr\/index.php?rest_route=%2Fwp%2Fv2%2Fproduct_cat&post=15996"},{"taxonomy":"product_tag","embeddable":true,"href":"https:\/\/lawhiskeria.cr\/index.php?rest_route=%2Fwp%2Fv2%2Fproduct_tag&post=15996"}],"curies":[{"name":"wp","href":"https:\/\/api.w.org\/{rel}","templated":true}]}}