{"id":15993,"date":"2024-03-10T06:01:29","date_gmt":"2024-03-10T06:01:29","guid":{"rendered":"https:\/\/stag.lawhiskeria.cr\/?post_type=product&#038;p=15993"},"modified":"2025-12-05T05:13:10","modified_gmt":"2025-12-05T05:13:10","slug":"the-whistler-px-i-love-you","status":"publish","type":"product","link":"https:\/\/lawhiskeria.cr\/?product=the-whistler-px-i-love-you","title":{"rendered":"The Whistler PX I Love You"},"content":{"rendered":"","protected":false},"excerpt":{"rendered":"<p style=\"font-weight: 400;\"><b><strong>El Whistler PX I Love You Single Malt<\/strong><\/b>\u00a0es un fant\u00e1stico ejemplo de la decadencia del jerez Pedro Xim\u00e9nez y la influencia que las barricas de este vino fortificado pueden tener en el excelente whisky irland\u00e9s de pura malta. Terminado durante al menos 9 meses en barricas de PX, este single malt irradia una deliciosa influencia de jerez. 100% cebada malteada, inicialmente madurada en barricas ex-bourbon.<\/p>\n<p style=\"font-weight: 400;\"><b><strong>NARIZ:<\/strong><\/b>\u00a0Jerez fant\u00e1sticamente delicioso. Frutos secos, pasas, cerezas y pasas sultanas\/pasas doradas, con naranja confitada y az\u00facar morena\/demerara pegajosa.<\/p>\n<p style=\"font-weight: 400;\"><b><strong>PALADAR:<\/strong><\/b>\u00a0Apertura hacia adelante de madera, con un paladar incre\u00edblemente viscoso pero crujiente. A los frutos secos y el az\u00facar moreno de la nariz se les unen en el paladar nueces, c\u00edtricos picantes y un toque de cuero.<\/p>\n<p style=\"font-weight: 400;\"><b><strong>FINAL:<\/strong><\/b>\u00a0Las nueces, las frutas secas y el sutil toque de la madera permanecen para un final largo y seco con un sutil toque de chocolate amargo.<\/p>\n<p style=\"font-weight: 400;\"><b><strong>2022:<\/strong><\/b>\u00a091 PUNTOS Concurso Internacional de Vinos y Espirituosos.<\/p>\n<p style=\"font-weight: 400;\"><b><strong>2021:<\/strong><\/b>\u00a0PLATA Premios Mundiales de Whiskies y\u00a089 PUNTOS Defensor del whisky.<\/p>\n<p style=\"font-weight: 400;\"><b><strong>2020:<\/strong><\/b>\u00a094 PUNTOS Entusiasta del vino.<\/p>\n<p style=\"font-weight: 400;\"><b><strong>ABV 46% &#8211; 700 ml. Small Batch. Triple Destilado. Color natural. No es filtrado en fr\u00edo.<\/strong><\/b><\/p>\n<p><iframe loading=\"lazy\" title=\"YouTube video player\" src=\"https:\/\/www.youtube.com\/embed\/42-LZ5MF1ac?si=_VJxJhEJsk5wBia-&amp;start=3383\" width=\"560\" height=\"315\" frameborder=\"0\" allowfullscreen=\"allowfullscreen\"><\/iframe><\/p>\n","protected":false},"featured_media":15994,"comment_status":"open","ping_status":"closed","template":"","meta":[],"product_brand":[],"product_cat":[32,72],"product_tag":[115,114,108,116],"class_list":{"0":"post-15993","1":"product","2":"type-product","3":"status-publish","4":"has-post-thumbnail","6":"product_cat-whisky","7":"product_cat-single-malt","8":"product_tag-irish-whiskey","9":"product_tag-jerez","10":"product_tag-single-malt","11":"product_tag-whisky-irlandes","13":"first","14":"instock","15":"shipping-taxable","16":"purchasable","17":"product-type-simple"},"_links":{"self":[{"href":"https:\/\/lawhiskeria.cr\/index.php?rest_route=\/wp\/v2\/product\/15993","targetHints":{"allow":["GET"]}}],"collection":[{"href":"https:\/\/lawhiskeria.cr\/index.php?rest_route=\/wp\/v2\/product"}],"about":[{"href":"https:\/\/lawhiskeria.cr\/index.php?rest_route=\/wp\/v2\/types\/product"}],"replies":[{"embeddable":true,"href":"https:\/\/lawhiskeria.cr\/index.php?rest_route=%2Fwp%2Fv2%2Fcomments&post=15993"}],"version-history":[{"count":3,"href":"https:\/\/lawhiskeria.cr\/index.php?rest_route=\/wp\/v2\/product\/15993\/revisions"}],"predecessor-version":[{"id":17755,"href":"https:\/\/lawhiskeria.cr\/index.php?rest_route=\/wp\/v2\/product\/15993\/revisions\/17755"}],"wp:featuredmedia":[{"embeddable":true,"href":"https:\/\/lawhiskeria.cr\/index.php?rest_route=\/wp\/v2\/media\/15994"}],"wp:attachment":[{"href":"https:\/\/lawhiskeria.cr\/index.php?rest_route=%2Fwp%2Fv2%2Fmedia&parent=15993"}],"wp:term":[{"taxonomy":"product_brand","embeddable":true,"href":"https:\/\/lawhiskeria.cr\/index.php?rest_route=%2Fwp%2Fv2%2Fproduct_brand&post=15993"},{"taxonomy":"product_cat","embeddable":true,"href":"https:\/\/lawhiskeria.cr\/index.php?rest_route=%2Fwp%2Fv2%2Fproduct_cat&post=15993"},{"taxonomy":"product_tag","embeddable":true,"href":"https:\/\/lawhiskeria.cr\/index.php?rest_route=%2Fwp%2Fv2%2Fproduct_tag&post=15993"}],"curies":[{"name":"wp","href":"https:\/\/api.w.org\/{rel}","templated":true}]}}