{"id":15975,"date":"2024-03-10T05:35:02","date_gmt":"2024-03-10T05:35:02","guid":{"rendered":"https:\/\/stag.lawhiskeria.cr\/?post_type=product&#038;p=15975"},"modified":"2026-03-23T22:25:09","modified_gmt":"2026-03-23T22:25:09","slug":"the-macallan-sherry-oak-12-anos","status":"publish","type":"product","link":"https:\/\/lawhiskeria.cr\/?product=the-macallan-sherry-oak-12-anos","title":{"rendered":"The Macallan 12 a\u00f1os Sherry Oak"},"content":{"rendered":"","protected":false},"excerpt":{"rendered":"<p>Establecida en 1824 en Speyside (Highlands). Una de las m\u00e1s marcas l\u00edderes enfocada en los apetecidos Single Malt Whiskies. El whisky The Macallan Sherry Oak 12 a\u00f1os forma parte de nuestra gama Sherry Oak, que est\u00e1 compuesta por varios whiskies single malt madurados exclusivamente en barricas de roble cuidadosamente escogidas y que previamente han albergado jerez procedente de la regi\u00f3n hom\u00f3nima para aportarles intensidad y complejidad. Con un car\u00e1cter a\u00f1ejado, el 12 Years Old tiene intensas notas de frutas secas y especias transmitidas por la madera, as\u00ed como un color dorado oscuro natural.<\/p>\n<p><strong>Color:<\/strong>\u00a0Dorado oscuro natural.\u00a0<strong>Nariz:<\/strong>\u00a0Complejo con toques de vainilla.\u00a0<strong>Boca:<\/strong>\u00a0Suave, intensas notas de frutas secas y especias transmitidas por la madera. Prolongado con frutas secas dulces, madera de roble y especias.<\/p>\n<p><strong>Maridaje:<\/strong>\u00a0El salm\u00f3n ahumado escoc\u00e9s combinado con hierbas y convertido en mousse combinar\u00e1 excelentemente con The Macallan 12 a\u00f1os, servido con mucho hielo, cubierto con soda y adornado con una gran c\u00e1scara de lim\u00f3n.<\/p>\n<p>ABV 40% &#8211; 700 ml.<\/p>\n","protected":false},"featured_media":19860,"comment_status":"open","ping_status":"closed","template":"","meta":[],"product_brand":[],"product_cat":[32,72],"product_tag":[109,307,108,110],"class_list":{"0":"post-15975","1":"product","2":"type-product","3":"status-publish","4":"has-post-thumbnail","6":"product_cat-whisky","7":"product_cat-single-malt","8":"product_tag-escocia","9":"product_tag-sherry-cask","10":"product_tag-single-malt","11":"product_tag-whisky-escoces","13":"first","14":"instock","15":"shipping-taxable","16":"purchasable","17":"product-type-simple"},"_links":{"self":[{"href":"https:\/\/lawhiskeria.cr\/index.php?rest_route=\/wp\/v2\/product\/15975","targetHints":{"allow":["GET"]}}],"collection":[{"href":"https:\/\/lawhiskeria.cr\/index.php?rest_route=\/wp\/v2\/product"}],"about":[{"href":"https:\/\/lawhiskeria.cr\/index.php?rest_route=\/wp\/v2\/types\/product"}],"replies":[{"embeddable":true,"href":"https:\/\/lawhiskeria.cr\/index.php?rest_route=%2Fwp%2Fv2%2Fcomments&post=15975"}],"version-history":[{"count":3,"href":"https:\/\/lawhiskeria.cr\/index.php?rest_route=\/wp\/v2\/product\/15975\/revisions"}],"predecessor-version":[{"id":17312,"href":"https:\/\/lawhiskeria.cr\/index.php?rest_route=\/wp\/v2\/product\/15975\/revisions\/17312"}],"wp:featuredmedia":[{"embeddable":true,"href":"https:\/\/lawhiskeria.cr\/index.php?rest_route=\/wp\/v2\/media\/19860"}],"wp:attachment":[{"href":"https:\/\/lawhiskeria.cr\/index.php?rest_route=%2Fwp%2Fv2%2Fmedia&parent=15975"}],"wp:term":[{"taxonomy":"product_brand","embeddable":true,"href":"https:\/\/lawhiskeria.cr\/index.php?rest_route=%2Fwp%2Fv2%2Fproduct_brand&post=15975"},{"taxonomy":"product_cat","embeddable":true,"href":"https:\/\/lawhiskeria.cr\/index.php?rest_route=%2Fwp%2Fv2%2Fproduct_cat&post=15975"},{"taxonomy":"product_tag","embeddable":true,"href":"https:\/\/lawhiskeria.cr\/index.php?rest_route=%2Fwp%2Fv2%2Fproduct_tag&post=15975"}],"curies":[{"name":"wp","href":"https:\/\/api.w.org\/{rel}","templated":true}]}}