{"id":15874,"date":"2024-03-10T03:11:15","date_gmt":"2024-03-10T03:11:15","guid":{"rendered":"https:\/\/stag.lawhiskeria.cr\/?post_type=product&#038;p=15874"},"modified":"2025-11-09T22:56:41","modified_gmt":"2025-11-09T22:56:41","slug":"glenfiddich-project-xx-700-ml","status":"publish","type":"product","link":"https:\/\/lawhiskeria.cr\/?product=glenfiddich-project-xx-700-ml","title":{"rendered":"Glenfiddich Project XX"},"content":{"rendered":"","protected":false},"excerpt":{"rendered":"<p>Veinte barricas \u00fanicas, una malta singular<\/p>\n<p>Un whisky que desaf\u00eda las expectativas<\/p>\n<p>\u2022 Se invit\u00f3 a 20 expertos en whisky de 16 pa\u00edses de todo el mundo a la destiler\u00eda Glenfiddich en Dufftown, Escocia y se les pidi\u00f3 que seleccionaran el barril dentro de la bodega que m\u00e1s les intrigaba. Luego, el maestro de la malta Brian Kinsman fue desafiado a unir las 20 barricas \u00fanicas en una sola malta.<br \/>\n\u2022 Glenfiddich Project XX es el segundo lanzamiento de la serie Glenfiddic Experimental dise\u00f1ada para traspasar los l\u00edmites del whisky y desafiar las tradiciones.<br \/>\n\u2022 Filtrado sin fr\u00edo<\/p>\n<p>Notas de sabor<\/p>\n<p><strong>Nariz:<\/strong> Afrutado cl\u00e1sico de Glenfiddich con notas de flor de manzano, frutas de verano y pera madura. Un hermoso equilibrio de roble con una rica vainilla cremosa, az\u00facar de cebada y un toque de regaliz y especias sutiles.<\/p>\n<p><strong>Sabor:<\/strong> Un sabor refinado y equilibrado con dulzor de algod\u00f3n de az\u00facar y una rica vainilla amaderada. Profundo y suave, el dulzor inicial se complementa con notas inusuales de almendras tostadas, canela y un toque de tanino crujiente.<\/p>\n<p><strong>Embotellado al 47% ABV (700 ml)<\/strong><\/p>\n","protected":false},"featured_media":15875,"comment_status":"open","ping_status":"closed","template":"","meta":[],"product_brand":[],"product_cat":[72],"product_tag":[108,110],"class_list":{"0":"post-15874","1":"product","2":"type-product","3":"status-publish","4":"has-post-thumbnail","6":"product_cat-single-malt","7":"product_tag-single-malt","8":"product_tag-whisky-escoces","10":"first","11":"outofstock","12":"shipping-taxable","13":"purchasable","14":"product-type-simple"},"_links":{"self":[{"href":"https:\/\/lawhiskeria.cr\/index.php?rest_route=\/wp\/v2\/product\/15874","targetHints":{"allow":["GET"]}}],"collection":[{"href":"https:\/\/lawhiskeria.cr\/index.php?rest_route=\/wp\/v2\/product"}],"about":[{"href":"https:\/\/lawhiskeria.cr\/index.php?rest_route=\/wp\/v2\/types\/product"}],"replies":[{"embeddable":true,"href":"https:\/\/lawhiskeria.cr\/index.php?rest_route=%2Fwp%2Fv2%2Fcomments&post=15874"}],"version-history":[{"count":2,"href":"https:\/\/lawhiskeria.cr\/index.php?rest_route=\/wp\/v2\/product\/15874\/revisions"}],"predecessor-version":[{"id":16007,"href":"https:\/\/lawhiskeria.cr\/index.php?rest_route=\/wp\/v2\/product\/15874\/revisions\/16007"}],"wp:featuredmedia":[{"embeddable":true,"href":"https:\/\/lawhiskeria.cr\/index.php?rest_route=\/wp\/v2\/media\/15875"}],"wp:attachment":[{"href":"https:\/\/lawhiskeria.cr\/index.php?rest_route=%2Fwp%2Fv2%2Fmedia&parent=15874"}],"wp:term":[{"taxonomy":"product_brand","embeddable":true,"href":"https:\/\/lawhiskeria.cr\/index.php?rest_route=%2Fwp%2Fv2%2Fproduct_brand&post=15874"},{"taxonomy":"product_cat","embeddable":true,"href":"https:\/\/lawhiskeria.cr\/index.php?rest_route=%2Fwp%2Fv2%2Fproduct_cat&post=15874"},{"taxonomy":"product_tag","embeddable":true,"href":"https:\/\/lawhiskeria.cr\/index.php?rest_route=%2Fwp%2Fv2%2Fproduct_tag&post=15874"}],"curies":[{"name":"wp","href":"https:\/\/api.w.org\/{rel}","templated":true}]}}