{"id":15868,"date":"2024-03-10T03:01:47","date_gmt":"2024-03-10T03:01:47","guid":{"rendered":"https:\/\/stag.lawhiskeria.cr\/?post_type=product&#038;p=15868"},"modified":"2025-04-08T22:18:02","modified_gmt":"2025-04-08T22:18:02","slug":"glenfiddich-21-anos-750-ml","status":"publish","type":"product","link":"https:\/\/lawhiskeria.cr\/?product=glenfiddich-21-anos-750-ml","title":{"rendered":"Glenfiddich 21 a\u00f1os Gran Reserva"},"content":{"rendered":"","protected":false},"excerpt":{"rendered":"<p>VAINILLA, CAF\u00c9 DULCE, HIGO<\/p>\n<p>Madurado pacientemente durante 21 a\u00f1os en la destiler\u00eda, es un whisky de Speyside exquisito y tradicional, rico y maduro con nuestras notas exclusivas de Glenfiddich. Pero en lugar de embotellarlo, como lo har\u00edan otros destiladores, nuestro maestro de malta, Brian Kinsman, selecciona a mano barriles seleccionados y agrega un toque final sublime.<\/p>\n<p>Al terminar nuestro 21 a\u00f1os en barriles de ron caribe\u00f1o, despierta el l\u00edquido, despert\u00e1ndolo con notas extra ex\u00f3ticas de jengibre, higo, lima y pl\u00e1tano y una vibrante calidez de toffee picante, elev\u00e1ndolo de algo grandioso a algo extraordinario.\u00a0Criado en Escocia. Despertado por el Caribe.<\/p>\n<p>Notas de cata:<\/p>\n<p><strong>COLOR<\/strong>: Oro oscuro.<\/p>\n<p><strong>NARIZ:<\/strong> Intenso y dulce a vainilla. Floral, notas de pl\u00e1tano, higos, rico toffee, cuero nuevo y roble.<\/p>\n<p><strong>GUSTO<\/strong>: Inicialmente suave, luego en\u00e9rgico, vibrante y secante, picante, un toque de humo, roble, lima, jengibre y especias.<\/p>\n<p><strong>TERMINAR:<\/strong> Muy largo, c\u00e1lido, seco y especiado.<\/p>\n<p>ABV 40%, 70CL<\/p>\n","protected":false},"featured_media":18519,"comment_status":"open","ping_status":"closed","template":"","meta":[],"product_brand":[],"product_cat":[72],"product_tag":[119,108,110],"class_list":{"0":"post-15868","1":"product","2":"type-product","3":"status-publish","4":"has-post-thumbnail","6":"product_cat-single-malt","7":"product_tag-barriles-ron","8":"product_tag-single-malt","9":"product_tag-whisky-escoces","11":"first","12":"instock","13":"shipping-taxable","14":"purchasable","15":"product-type-simple"},"_links":{"self":[{"href":"https:\/\/lawhiskeria.cr\/index.php?rest_route=\/wp\/v2\/product\/15868","targetHints":{"allow":["GET"]}}],"collection":[{"href":"https:\/\/lawhiskeria.cr\/index.php?rest_route=\/wp\/v2\/product"}],"about":[{"href":"https:\/\/lawhiskeria.cr\/index.php?rest_route=\/wp\/v2\/types\/product"}],"replies":[{"embeddable":true,"href":"https:\/\/lawhiskeria.cr\/index.php?rest_route=%2Fwp%2Fv2%2Fcomments&post=15868"}],"version-history":[{"count":4,"href":"https:\/\/lawhiskeria.cr\/index.php?rest_route=\/wp\/v2\/product\/15868\/revisions"}],"predecessor-version":[{"id":18520,"href":"https:\/\/lawhiskeria.cr\/index.php?rest_route=\/wp\/v2\/product\/15868\/revisions\/18520"}],"wp:featuredmedia":[{"embeddable":true,"href":"https:\/\/lawhiskeria.cr\/index.php?rest_route=\/wp\/v2\/media\/18519"}],"wp:attachment":[{"href":"https:\/\/lawhiskeria.cr\/index.php?rest_route=%2Fwp%2Fv2%2Fmedia&parent=15868"}],"wp:term":[{"taxonomy":"product_brand","embeddable":true,"href":"https:\/\/lawhiskeria.cr\/index.php?rest_route=%2Fwp%2Fv2%2Fproduct_brand&post=15868"},{"taxonomy":"product_cat","embeddable":true,"href":"https:\/\/lawhiskeria.cr\/index.php?rest_route=%2Fwp%2Fv2%2Fproduct_cat&post=15868"},{"taxonomy":"product_tag","embeddable":true,"href":"https:\/\/lawhiskeria.cr\/index.php?rest_route=%2Fwp%2Fv2%2Fproduct_tag&post=15868"}],"curies":[{"name":"wp","href":"https:\/\/api.w.org\/{rel}","templated":true}]}}