{"id":15845,"date":"2024-03-10T02:20:57","date_gmt":"2024-03-10T02:20:57","guid":{"rendered":"https:\/\/stag.lawhiskeria.cr\/?post_type=product&#038;p=15845"},"modified":"2025-04-22T17:17:30","modified_gmt":"2025-04-22T17:17:30","slug":"bruichladdich-the-classic-laddie","status":"publish","type":"product","link":"https:\/\/lawhiskeria.cr\/?product=bruichladdich-the-classic-laddie","title":{"rendered":"Bruichladdich The Classic Laddie"},"content":{"rendered":"","protected":false},"excerpt":{"rendered":"<p><strong>Bruichladdich The Classic Laddie\u00a0<\/strong>es un whisky escoc\u00e9s cl\u00e1sico, floral y elegante, creado por Jim McEwan para encarnar el estilo cl\u00e1sico de la firma Bruichladdich. Este Single Malt es producido en peque\u00f1os lotes con la mejor cebada escocesa y a\u00f1ejado en barricas cuidadosamente seleccionadas.<\/p>\n<p><b>Notas de cata<\/b><\/p>\n<p><strong>Color:<\/strong>\u00a0Oro.<\/p>\n<p><strong>Nariz:\u00a0<\/strong>Dulce elegancia con notas de cebada con miel, conserva y p\u00e9talos de flor de naranja.<\/p>\n<p><strong>Gusto:\u00a0<\/strong>Manzanas rojas y uvas blancas con un toque de canela y az\u00facar moreno.<\/p>\n<p><strong>Final:<\/strong>\u00a0Mineral, con regusto a caramelo y miel.<\/p>\n<p><strong>ABV 50%. 700 ml.<\/strong><\/p>\n","protected":false},"featured_media":15846,"comment_status":"open","ping_status":"closed","template":"","meta":[],"product_brand":[],"product_cat":[72],"product_tag":[112,108,110],"class_list":{"0":"post-15845","1":"product","2":"type-product","3":"status-publish","4":"has-post-thumbnail","6":"product_cat-single-malt","7":"product_tag-islay","8":"product_tag-single-malt","9":"product_tag-whisky-escoces","11":"first","12":"instock","13":"shipping-taxable","14":"purchasable","15":"product-type-simple"},"_links":{"self":[{"href":"https:\/\/lawhiskeria.cr\/index.php?rest_route=\/wp\/v2\/product\/15845","targetHints":{"allow":["GET"]}}],"collection":[{"href":"https:\/\/lawhiskeria.cr\/index.php?rest_route=\/wp\/v2\/product"}],"about":[{"href":"https:\/\/lawhiskeria.cr\/index.php?rest_route=\/wp\/v2\/types\/product"}],"replies":[{"embeddable":true,"href":"https:\/\/lawhiskeria.cr\/index.php?rest_route=%2Fwp%2Fv2%2Fcomments&post=15845"}],"version-history":[{"count":1,"href":"https:\/\/lawhiskeria.cr\/index.php?rest_route=\/wp\/v2\/product\/15845\/revisions"}],"predecessor-version":[{"id":15847,"href":"https:\/\/lawhiskeria.cr\/index.php?rest_route=\/wp\/v2\/product\/15845\/revisions\/15847"}],"wp:featuredmedia":[{"embeddable":true,"href":"https:\/\/lawhiskeria.cr\/index.php?rest_route=\/wp\/v2\/media\/15846"}],"wp:attachment":[{"href":"https:\/\/lawhiskeria.cr\/index.php?rest_route=%2Fwp%2Fv2%2Fmedia&parent=15845"}],"wp:term":[{"taxonomy":"product_brand","embeddable":true,"href":"https:\/\/lawhiskeria.cr\/index.php?rest_route=%2Fwp%2Fv2%2Fproduct_brand&post=15845"},{"taxonomy":"product_cat","embeddable":true,"href":"https:\/\/lawhiskeria.cr\/index.php?rest_route=%2Fwp%2Fv2%2Fproduct_cat&post=15845"},{"taxonomy":"product_tag","embeddable":true,"href":"https:\/\/lawhiskeria.cr\/index.php?rest_route=%2Fwp%2Fv2%2Fproduct_tag&post=15845"}],"curies":[{"name":"wp","href":"https:\/\/api.w.org\/{rel}","templated":true}]}}