{"id":15770,"date":"2024-03-09T00:02:47","date_gmt":"2024-03-09T00:02:47","guid":{"rendered":"https:\/\/stag.lawhiskeria.cr\/?post_type=product&#038;p=15770"},"modified":"2025-01-03T20:38:29","modified_gmt":"2025-01-03T20:38:29","slug":"gentleman-jack-tennessee-whiskey","status":"publish","type":"product","link":"https:\/\/lawhiskeria.cr\/?product=gentleman-jack-tennessee-whiskey","title":{"rendered":"Gentleman Jack Tennessee Whiskey"},"content":{"rendered":"","protected":false},"excerpt":{"rendered":"<p><strong>Gentleman Jack<\/strong>\u00a0es Inspirado por el caballero original y fundador de la marca, este whiskey es doblemente filtrado en carb\u00f3n de madera de arce; la primera vez antes de su maduraci\u00f3n en sus barricas hechas a mano y la segunda vez despu\u00e9s de la maduraci\u00f3n.\u00a0 El resultado es un Tennessee Whiskey con un car\u00e1cter ligero a especias, vainilla y caramelo, con una suavidad excepcional.<\/p>\n<p><strong>Color:<\/strong>\u00a0\u00c1mbar oscuro<\/p>\n<p><strong>Nariz:\u00a0<\/strong>Limpio y suave, con aromas de madera, ma\u00edz, almendras y vainilla.<\/p>\n<p><strong>Boca:<\/strong>\u00a0Balanceado sabor a roble con notas a caramelo, vainilla y jengibre.<\/p>\n<p><strong>Final:<\/strong>\u00a0C\u00e1lido y suave con sensaci\u00f3n a tabaco.<\/p>\n<p><strong>ABV 40% &#8211; 750 ml.<\/strong><\/p>\n","protected":false},"featured_media":15771,"comment_status":"open","ping_status":"closed","template":"","meta":[],"product_brand":[],"product_cat":[70],"product_tag":[79,101],"class_list":{"0":"post-15770","1":"product","2":"type-product","3":"status-publish","4":"has-post-thumbnail","6":"product_cat-bourbon-american-whiskey","7":"product_tag-american-whiskey","8":"product_tag-tennesse-whiskey","10":"first","11":"instock","12":"shipping-taxable","13":"purchasable","14":"product-type-simple"},"_links":{"self":[{"href":"https:\/\/lawhiskeria.cr\/index.php?rest_route=\/wp\/v2\/product\/15770","targetHints":{"allow":["GET"]}}],"collection":[{"href":"https:\/\/lawhiskeria.cr\/index.php?rest_route=\/wp\/v2\/product"}],"about":[{"href":"https:\/\/lawhiskeria.cr\/index.php?rest_route=\/wp\/v2\/types\/product"}],"replies":[{"embeddable":true,"href":"https:\/\/lawhiskeria.cr\/index.php?rest_route=%2Fwp%2Fv2%2Fcomments&post=15770"}],"version-history":[{"count":1,"href":"https:\/\/lawhiskeria.cr\/index.php?rest_route=\/wp\/v2\/product\/15770\/revisions"}],"predecessor-version":[{"id":15772,"href":"https:\/\/lawhiskeria.cr\/index.php?rest_route=\/wp\/v2\/product\/15770\/revisions\/15772"}],"wp:featuredmedia":[{"embeddable":true,"href":"https:\/\/lawhiskeria.cr\/index.php?rest_route=\/wp\/v2\/media\/15771"}],"wp:attachment":[{"href":"https:\/\/lawhiskeria.cr\/index.php?rest_route=%2Fwp%2Fv2%2Fmedia&parent=15770"}],"wp:term":[{"taxonomy":"product_brand","embeddable":true,"href":"https:\/\/lawhiskeria.cr\/index.php?rest_route=%2Fwp%2Fv2%2Fproduct_brand&post=15770"},{"taxonomy":"product_cat","embeddable":true,"href":"https:\/\/lawhiskeria.cr\/index.php?rest_route=%2Fwp%2Fv2%2Fproduct_cat&post=15770"},{"taxonomy":"product_tag","embeddable":true,"href":"https:\/\/lawhiskeria.cr\/index.php?rest_route=%2Fwp%2Fv2%2Fproduct_tag&post=15770"}],"curies":[{"name":"wp","href":"https:\/\/api.w.org\/{rel}","templated":true}]}}